 = f + -31. Suppose -x = j - 17. What are the prime factors of j?
2, 3
Suppose 4*k + 758 = -738. Let p = k - -536. List the prime factors of p.
2, 3
Let d be 3*-1*(-1)/(-3). Let q be d/1*(9 - 11). Suppose -q*a - 2*a = -60. What are the prime factors of a?
3, 5
Let b(y) = -3*y**3 + 43*y**2 - 217*y + 191. List the prime factors of b(-20).
7, 47, 139
Let v = 89 + -87. Let m be ((-70)/15 + v)/(4/(-66)). Suppose -p + 6 = p, -i - p + m = 0. What are the prime factors of i?
41
Suppose 115*f - 237216 = 491769. List the prime factors of f.
3, 2113
Suppose -25 = 2*k + m + 2*m, 4*k + 38 = -2*m. Let v(j) be the first derivative of j**4/4 + 11*j**3/3 - j**2 - 10*j + 9810. What are the prime factors of v(k)?
2, 3, 11
Let c(f) = -3*f - 46. Let s be c(-16). Let m be ((-1)/(-3))/(2/6)*s. Suppose 17 = 3*v + m*b, 0 = -v - 3*v + 2*b + 32. What are the prime factors of v?
7
Let k be ((-6)/12)/(2/(-60)). What are the prime factors of 2/(-15) + 5987/k?
3, 7, 19
Let b be -27 + (1 - 2 - -15). Let j(f) = -40 - 7*f + f + 13. What are the prime factors of j(b)?
3, 17
Let k = 26557 + 51137. What are the prime factors of k?
2, 3, 23, 563
Let v(p) = 3663*p - 15954. List the prime factors of v(5).
3, 787
Suppose -12*b + 34928 = -44200. What are the prime factors of b?
2, 3, 7, 157
Let a be (-8 - 11/(-1))*8380/6. Suppose 399*l = 404*l - a. List the prime factors of l.
2, 419
Let c(f) = -2*f**3 - 11*f**2 - 12*f - 27. List the prime factors of c(-7).
2, 3, 17
Let b(a) = 124*a**2 + 5*a + 15. Let g be b(6). Suppose -74*d + 65*d = -g. List the prime factors of d.
3, 167
Suppose 20 = 5*h - 30. Suppose -h*f = -15*f + 1265. Let w = 458 - f. What are the prime factors of w?
5, 41
Let l(z) = -314*z**2 - z + 4*z + 313*z**2 + 5. Let v be l(0). Suppose -a + 3*a = v*w - 703, 3*w - 427 = -4*a. What are the prime factors of w?
3, 47
Suppose v = -u + 4*v - 71, u + 103 = -5*v. Let r = u - -413. List the prime factors of r.
2, 3, 5, 11
Let y be (-2)/8 + 1969/(-44). Let u be 9621/y + 2/(-10). Let h = -104 - u. What are the prime factors of h?
2, 5, 11
Suppose 20*m - 17*m - 230103 = 0. List the prime factors of m.
3, 37, 691
Let w = -58451 - -83351. What are the prime factors of w?
2, 3, 5, 83
Let l(z) = 4*z**2 - 151*z + 57. What are the prime factors of l(56)?
5, 829
Suppose -51*z = -21*z + 180. Let b(m) = 3*m - 14. Let o(k) = -3*k + 13. Let i(r) = -5*b(r) - 4*o(r). What are the prime factors of i(z)?
2, 3
Suppose 2*o = -3*z + 89756, -29916 = -z + 210*o - 208*o. What are the prime factors of z?
2, 7, 2137
Let y = -6193 - -11233. Suppose -n = 4*p - y, -2*p + 2506 = -18*n + 22*n. List the prime factors of p.
13, 97
Suppose 0 = -38*y - 13*y + 19482. Let x = 466 + y. What are the prime factors of x?
2, 53
Let q = -917 + 2551. Suppose f + 2 = 4*z + 10, -2*z + f = 2. List the prime factors of z/12 - q/(-8).
2, 3, 17
Let v(b) = -1. Let x(h) = -h - 3. Let a(q) = 4*v(q) - x(q). Let p be a(5). Suppose 2*c + p*y = 16, -2*y + 44 = 5*c - 4. List the prime factors of c.
2, 5
Suppose 0 = -11*l - 4*l - 2025. Let g = l - -445. List the prime factors of g.
2, 5, 31
Let c(o) = 2*o + 24. Let t be c(-10). Suppose -t = 2*b, 4 = -4*k + 2*k - 3*b. Suppose k = h - 9. What are the prime factors of h?
2, 5
Suppose -95 = -16*i - 31. Suppose -i*k = -13*k + 5229. List the prime factors of k.
7, 83
Suppose -2*j + 5 = -3. Let f(l) = l**2 - 9*l + 84. Let s be f(21). Suppose 2*x = j*x - s. What are the prime factors of x?
2, 3, 7
Let m be -31 + 3/((-3)/2). Let t be (-11)/m - (-1)/(-3). Suppose t = -3*a - 3*a + 234. List the prime factors of a.
3, 13
Let k = -118 + 258. Suppose 0*a + 3*a + 93 = 3*q, 0 = 4*a + 5*q + 106. Let d = k - a. List the prime factors of d.
13
Suppose 25*d - 56 = 39*d. Let k be 1 + -3 + (-616 - 0). What are the prime factors of ((-14)/(-21))/(d/k)?
103
Let b = 11508 - 3995. What are the prime factors of b?
11, 683
Suppose 3*f - 143 = -134, 11093 = u - f. What are the prime factors of u?
2, 19, 73
Let a be ((-2)/(-7))/((-1)/(-7)). Suppose 0 = m + a - 1. What are the prime factors of ((-405)/(-36))/(m/(-12))?
3, 5
Let k(p) = 2*p**2 + 26*p + 28. Let n be k(-12). Suppose 0 = n*j, -v - 2*v - 4*j = -27. Suppose 275 = 2*x + v*x. List the prime factors of x.
5
Let h = -50575 - -73220. Suppose 0 = 37*x - h + 3849. List the prime factors of x.
2, 127
Let b = -405 + 781. Let d = -22 + b. What are the prime factors of d?
2, 3, 59
Let d(m) = -162*m**2 - 7*m - 6*m + 333*m**2 - 6 - 96*m**2. What are the prime factors of d(-5)?
2, 967
Let n(l) = -l**2 - 8*l + 3. Let f be n(-8). Let d(x) = 4*x**3 - x**2 - 6*x + 2. What are the prime factors of d(f)?
83
Suppose m = -5*l + 6*l + 457, m + 1355 = -3*l. Let g = l + 1293. List the prime factors of g.
2, 3, 5, 7
Let b(v) be the third derivative of 0*v - 15*v**2 - 5/6*v**3 + 1/15*v**5 + 0*v**4 + 0. List the prime factors of b(5).
5, 19
Suppose -5*s + 22777 = 4*m, -4*s + 5*m + 12949 = -5289. List the prime factors of s.
3, 7, 31
Suppose g = 3*s + 2, -g + 6 = 2*g - 4*s. Suppose -p = 5*b + 1833 - 5167, -658 = -b + g*p. What are the prime factors of b?
2, 3, 37
Suppose 1090*h - 1155*h + 3232151 + 512499 = 0. List the prime factors of h.
2, 5, 7, 823
Let x be (-6)/(-12) + (-129)/2. Let r = 114 + x. What are the prime factors of 10/r + -329*(-1)/5?
2, 3, 11
Suppose 36 = 6*k - 9*k. What are the prime factors of (1 - 141*3)*(11 + k)?
2, 211
Let y = -3737 - -6096. List the prime factors of y.
7, 337
Let j be 101/4*2*4. Suppose -161 = -44*n + 43*n. Suppose n = 11*u - j. What are the prime factors of u?
3, 11
Suppose -3*p - 3150 + 11139 = 0. Suppose p = 3*b + 83. List the prime factors of b.
2, 5, 43
Let h(a) = a**3 + 8*a**2 + 6*a + 40. Let b be h(-8). List the prime factors of (24/(-10))/(b/620).
2, 3, 31
Let a = 109 + 1021. Let n = -769 + a. List the prime factors of n.
19
Suppose -6*z = 14*z + 21*z - 146247. What are the prime factors of z?
3, 29, 41
Suppose 3*s = -4*x + 1801, -2*x + 3025 = 6*s - s. Let l = 1080 - s. Suppose 4*z + 109 = l. List the prime factors of z.
7, 13
Let a(d) = -16 + 14*d - 6 - 2. Let g be a(6). Let m = g - -25. What are the prime factors of m?
5, 17
Let v(n) = 29*n**2 - 17*n - 7. Let t be v(6). Suppose -2*z + 3*p = -t - 12, -5*p = 4*z - 1905. List the prime factors of z.
5, 19
Let i = 2529 + -308. List the prime factors of i.
2221
Let m(d) = 20*d + 3*d**2 + 9 - 36*d + 19*d - d**3. Let g be m(4). Suppose 4*s + 35 = g*s. What are the prime factors of s?
5, 7
Suppose 54*v - 220 = 59*v. List the prime factors of (v/(-12) + -4)/(1/(-642)).
2, 107
Let q(b) = -34*b + 13. Let y = 73 + -49. Suppose -d - 31 = -y. List the prime factors of q(d).
251
Let j(r) = -1458 - 674*r + 1343 + 135*r. List the prime factors of j(-2).
3, 107
Let q be 253 - (48/(-84) - (-25)/7). Suppose 4*y + 30 = q. What are the prime factors of y?
5, 11
Suppose 14*o + 2*m = 11*o + 18, -30 = -5*o - 5*m. What are the prime factors of (1847 - o)/7 - 6?
257
Let m(p) = -p**3 + 6*p**2 - 7*p + 4. Let l be (-70)/(-15) + (-4)/6. Let v be m(l). Suppose v = -2*o + 4*o, -r = o - 99. List the prime factors of r.
5, 19
Let l = -21619 + 25456. What are the prime factors of l?
3, 1279
What are the prime factors of (-270)/405 + 41224/6?
2, 3, 5, 229
Suppose 2*a + 4*q + 9 + 3 = 0, -2*q - 6 = -a. Suppose -l + a*l = -196. Suppose -5*f - 544 = -4*b - l, -3*b + 296 = 5*f. What are the prime factors of b?
2, 23
Suppose 0 = -5*r - 3*v + 13242, 3*r - 3167 - 4775 = -v. List the prime factors of r.
2, 3, 7
Let u(z) = 20*z**2 + 47*z + 710. List the prime factors of u(-11).
3, 13, 67
Suppose 5*i = 3*a - 51764, -649*i - 51724 = -3*a - 654*i. What are the prime factors of a?
2, 7, 11
Suppose 99685 = 4*x - 5*m, 9*m - 99684 = -4*x + 13*m. What are the prime factors of x?
2, 5, 7, 89
Let l = 3 - 69. Let s be (-1 - 1)/(22/l). Let i = s - -47. What are the prime factors of i?
53
Let n(j) = 28*j**2 + 40*j + 60. List the prime factors of n(7).
2, 107
Let d = 1979 - 860. Suppose 33*v - 53787 = -d. List the prime factors of v.
2, 3, 7, 19
Let c(t) = -43*t + 1651. What are the prime factors of c(0)?
13, 127
Let q(y) = -y - 22. Let v be q(-24). Suppose -93 = -v*d + 2101. What are the prime factors of d?
1097
Suppose 3*l - 696 = -33. What are the prime factors of (l - (6 - 5)) + 2?
2, 3, 37
Suppose 2*f = 5*l + 67 + 14, -5*f - 2*l + 188 = 0. 